{"id":17,"date":"2023-10-12T23:20:20","date_gmt":"2023-10-12T23:20:20","guid":{"rendered":"https:\/\/www.san.ind.br\/site\/?page_id=17"},"modified":"2024-06-05T14:32:50","modified_gmt":"2024-06-05T17:32:50","slug":"inicio","status":"publish","type":"page","link":"https:\/\/www.san.ind.br\/site\/","title":{"rendered":"In\u00edcio"},"content":{"rendered":"<div style=\"display: none;\">\n<p>v\u00e1lvula passo fundo bombas e motores \u00f3leo passo fundo, pe\u00e7a em passo fundo, filtros, Passo Fundo RS, filtros e motores passo fundo<\/p>\n<h1>filtros em Passo Fundo,\u00a0pe\u00e7a passo fundo, bombas e motores \u00f3leo passo fundo,<\/h1>\n<h2>filtros em passo fundo, v\u00e1lvula passo fundo e regi\u00e3o, bombas e motores \u00f3leo passo fundo em passo fundo, filtros venda equipamentos motores passo fundo, v\u00e1lvula em passo fundo rs, filtros, para passo fundo e regi\u00e3o, filtros para passo fundo e regi\u00e3o\u00a0motores motores passo fundo de filtros em passo fundo, v\u00e1lvula passo fundo e regi\u00e3o, bombas e motores \u00f3leo passo fundo em passo fundo, filtros venda equipamentos motores passo fundo, v\u00e1lvula em passo fundo rs, filtros,<a title=\"motores motores passo fundo de filtros em passo fundo, v\u00e1lvula passo fundo e regi\u00e3o, bombas e motores \u00f3leo passo fundo em passo fundo, filtros venda equipamentos motores passo fundo, v\u00e1lvula em passo fundo rs, filtros, para passo fundo e regi\u00e3o, filtros para passo fundo e regi\u00e3o\" href=\"https:\/\/www.san.ind.br\">para passo fundo e regi\u00e3o, filtros para passo fundo e regi\u00e3o\u00a0motores motores passo fundo de filtros em passo fundo, v\u00e1lvula passo fundo e regi\u00e3o, bombas e motores \u00f3leo passo fundo em passo fundo, filtros venda equipamentos motores passo fundo, v\u00e1lvula em passo fundo rs, filtros<\/a>, para passo fundo e regi\u00e3o, filtros para passo fundo e regi\u00e3o\u00a0motores motores passo fundo de filtros em passo fundo, v\u00e1lvula passo fundo e regi\u00e3o, bombas e motores \u00f3leo passo fundo em passo fundo, filtros venda equipamentos motores passo fundo, v\u00e1lvula em passo fundo rs, filtros, para passo fundo e regi\u00e3o, filtros para passo fundo e regi\u00e3o\u00a0motores motores passo fundo de filtros em passo fundo, v\u00e1lvula passo fundo e regi\u00e3o, bombas e motores \u00f3leo passo fundo em passo fundo, filtros venda equipamentos motores passo fundo, v\u00e1lvula em passo fundo rs, filtros, para passo fundo e regi\u00e3o,<a title=\"motores motores passo fundo de filtros em passo fundo, v\u00e1lvula passo fundo e regi\u00e3o, bombas e motores \u00f3leo passo fundo em passo fundo, filtros venda equipamentos motores passo fundo, v\u00e1lvula em passo fundo rs, filtros, para passo fundo e regi\u00e3o, filtros para passo fundo e regi\u00e3o\" href=\"https:\/\/www.san.ind.br\/site\">filtros para passo fundo e regi\u00e3o\u00a0motores motores passo fundo de filtros em passo fundo, v\u00e1lvula passo fundo e regi\u00e3o, cria\u00e7\u00e3o de sit<\/a>es em passo fundo, filtros venda equipamentos motores passo fundo, v\u00e1lvula em passo fundo rs, filtros, para passo fundo e regi\u00e3o, filtros para passo fundo e regi\u00e3o<\/h2>\n<div id=\"attachment_747\" style=\"width: 353px\" class=\"wp-caption aligncenter\"><a href=\"https:\/\/www.san.ind.br\/site\/wp-content\/uploads\/2013\/06\/per\u00edcia-m\u00e9dica-passo-fundo-rs.jpg\"><img decoding=\"async\" aria-describedby=\"caption-attachment-747\" class=\"size-full wp-image-747 \" title=\"motores motores passo fundo de filtros em Passo Fundo\" src=\"https:\/\/www.san.ind.br\/site\/wp-content\/uploads\/2013\/06\/per\u00edcia-m\u00e9dica-passo-fundo-rs.jpg\" alt=\"motores motores passo fundo de filtros em Passo Fundo\" width=\"343\" height=\"300\"  loading=\"lazy\" \/><\/a><p id=\"caption-attachment-747\" class=\"wp-caption-text\">motores motores passo fundo de filtros em Passo Fundo<\/p><\/div>\n<\/div>\n","protected":false},"excerpt":{"rendered":"<p>v\u00e1lvula passo fundo bombas e motores \u00f3leo passo fundo, pe\u00e7a em passo fundo, filtros, Passo Fundo RS, filtros e motores passo fundo filtros em Passo Fundo,\u00a0pe\u00e7a passo fundo, bombas e motores \u00f3leo passo fundo, filtros em passo fundo, v\u00e1lvula passo fundo e regi\u00e3o, bombas e motores \u00f3leo passo fundo em passo fundo, filtros venda equipamentos [&hellip;]<\/p>\n","protected":false},"author":1,"featured_media":0,"parent":0,"menu_order":0,"comment_status":"closed","ping_status":"closed","template":"template-inicio.php","meta":{"footnotes":""},"class_list":["post-17","page","type-page","status-publish","hentry"],"_links":{"self":[{"href":"https:\/\/www.san.ind.br\/site\/wp-json\/wp\/v2\/pages\/17","targetHints":{"allow":["GET"]}}],"collection":[{"href":"https:\/\/www.san.ind.br\/site\/wp-json\/wp\/v2\/pages"}],"about":[{"href":"https:\/\/www.san.ind.br\/site\/wp-json\/wp\/v2\/types\/page"}],"author":[{"embeddable":true,"href":"https:\/\/www.san.ind.br\/site\/wp-json\/wp\/v2\/users\/1"}],"replies":[{"embeddable":true,"href":"https:\/\/www.san.ind.br\/site\/wp-json\/wp\/v2\/comments?post=17"}],"version-history":[{"count":3,"href":"https:\/\/www.san.ind.br\/site\/wp-json\/wp\/v2\/pages\/17\/revisions"}],"predecessor-version":[{"id":218,"href":"https:\/\/www.san.ind.br\/site\/wp-json\/wp\/v2\/pages\/17\/revisions\/218"}],"wp:attachment":[{"href":"https:\/\/www.san.ind.br\/site\/wp-json\/wp\/v2\/media?parent=17"}],"curies":[{"name":"wp","href":"https:\/\/api.w.org\/{rel}","templated":true}]}}